{"id":38937,"date":"2018-05-18T05:04:31","date_gmt":"2018-05-18T03:04:31","guid":{"rendered":"http:\/\/lnx.clinicaveterinariaeuganea.it\/?page_id=38937"},"modified":"2018-05-18T05:44:18","modified_gmt":"2018-05-18T03:44:18","slug":"privacy-policy","status":"publish","type":"page","link":"http:\/\/lnx.clinicaveterinariaeuganea.it\/?page_id=38937","title":{"rendered":"Privacy Policy"},"content":{"rendered":"<p>Il presente documento rappresenta l\u2019informativa di primo livello, ai sensi del Regolamento generale per la protezione dei Dati (GDPR) 679\/2016. Nel presente documento troverete informazioni su chi siamo, che dati raccogliamo, con chi li condividiamo e quali sono le finalit\u00e0 di utilizzo dei dati raccolti.<\/p>\n<p><b>Chi \u00e9 il titolare dei Dati Raccolti ?<\/b><\/p>\n<p>Il titolare dei dati raccolti \u00e9 il Dott. Marco Bedin, in qualit\u00e0 di Direttore Sanitario della Clinica Veterinaria Euganea con sede in via Tiziano 6, 35043 Monselice (PD).\u00a0<\/p>\n<p>I suoi recapiti sono:\u00a0<\/p>\n<p>E-mail: veterinariaeuganea@virgilio.it\u00a0<\/p>\n<p>Tel. 0429 789809.<\/p>\n<p><b>Quali dati\u00a0personali\u00a0sono Oggetto di Trattamento ?<\/b><\/p>\n<p>I suoi \u201cDati Personali\u201d trattati dal titolare, sono i dati identificativi da lei comunicati al momento del contatto via e-mail, tramite sito web o pagina FB e al momento del conferimento dell\u2019incarico professionale e per tutta la sua durata (nome, cognome, indirizzo, n. Telefonico, e-mail, ragione sociale, riferimenti bancari e di pagamento).<\/p>\n<p>Nello svolgimento del nostro incarico professionale il titolare non verr\u00e0 in alcun modo e per nessun motivo a conoscenza di quelli che la normativa individua come \u201cparticolari categorie di dati\u201d ovvero sul suo stato di salute, sulle sue convinzioni politiche e religiose, sulle sue abitudini sessuali e sui suoi eventuali precedenti giudiziari. In ogni caso, anche se non trattiamo quelli che sono \u201cparticolari categorie di dati\u201d, il titolare assicura l\u2019assunzione di misure idonee a garantire la sicurezza e riservatezza dei suoi dati.<\/p>\n<p><b>A chi possiamo comunicare i suoi Dati\u00a0Personali ?<\/b><\/p>\n<p>I suoi dati personali sono accessibili ai soci e ai collaboratori del titolare, nel rispetto delle norme sul trattamento dei dati personali.<\/p>\n<p>Il titolare del trattamento, pu\u00f2 comunicare i suoi dati a terze parti, senza il suo consenso preventivo, solo nel caso in cui questo sia obbligatorio per legge. Questi soggetti tratteranno suoi dati in qualit\u00e0 di autonomi titolari del trattamento. In tutti gli altri casi i suoi dati personali non possono essere comunicati dal titolare a terze parti, senza il suo preventivo ed esplicito consenso.<\/p>\n<p><b>Quali sono le finalit\u00e0 del trattamento dei suoi Dati\u00a0Personali ?<\/b><\/p>\n<p>I suoi dati personali sono trattati dal titolare senza il suo esplicito consenso nei casi di:<\/p>\n<ul>\n<li>Svolgere gli incarichi che lei conferisce al titolare del trattamento;<\/li>\n<li>Adempire agli obblighi precontrattuali, contrattuali e fiscali derivanti dai rapporti con lei in essere;<\/li>\n<li>Adempire agli obblighi previsti dalla legge, da un regolamento, dalla normativa europea o da un ordine dell\u2019autorit\u00e0 (es. in materia di antiriciclaggio);<\/li>\n<li>Esercitare i diritti del titolare come il diritto di difesa in giudizio;<\/li>\n<li>In caso di finalit\u00e0 ulteriori il titolare ha l\u2019obbligo di chiedere il suo preventivo consenso.<\/li>\n<\/ul>\n<p><b>Quanto tempo conserver\u00f2 i suoi Dati\u00a0Personali ?<\/b><\/p>\n<p>I suoi dati personali sono conservati per un periodo di tempo non superiore alle finalit\u00e0 per cui sono trattati, tenendo conto delle prescrizioni di legge relativa alla tutela dei diritti suoi e del titolare del trattamento.<\/p>\n<p><b>Quali sono i suoi Diritti in merito al trattamento dei suoi Dati\u00a0Personali ?<\/b><\/p>\n<ul>\n<li>Pu\u00f2 ottenere la conferma dell\u2019esistenza o meno di dati personali che La riguardano, anche se non ancora registrati, e la loro comunicazione in forma intelligibile;<\/li>\n<li>Pu\u00f2 ottenere l\u2019indicazione:<\/li>\n<\/ul>\n<ol>\n<li style=\"list-style-type: none;\">\n<ol>\n<li><em>dell\u2019origine dei dati personali;<\/em><\/li>\n<li><em>delle modalit\u00e0 del trattamento e delle sue finalit\u00e0;<\/em><\/li>\n<li><em>della logica applicata in caso di trattamento effettuato con l\u2019ausilio di strumenti elettronici;<\/em><\/li>\n<li><em>degli estremi identificativi del titolare, dei responsabili e del rappresentante designato ai sensi de GDPR;<\/em><\/li>\n<li><em>dei soggetti o delle categorie di soggetti ai quali i dati personali possono essere comunicati o che possono venirne a conoscenza in qualit\u00e0 di rappresentante designato nel territorio dello Stato, di responsabili o incaricati;<\/em><\/li>\n<\/ol>\n<\/li>\n<\/ol>\n<ul>\n<li>Pu\u00f2 ottenere:<\/li>\n<\/ul>\n<ol>\n<li style=\"list-style-type: none;\">\n<ol>\n<li><em>l\u2019aggiornamento, la rettificazione oppure, quando vi ha interesse, l\u2019integrazione dei Suoi dati;<\/em><\/li>\n<li><em>la cancellazione, la trasformazione in forma anonima o il blocco dei dati trattati in violazione di legge, compresi quelli di cui non \u00e8 necessaria la conservazione in relazione agli scopi per i quali i dati sono stati raccolti o successivamente trattati;<\/em><\/li>\n<li><em>l\u2019attestazione che le operazioni di cui alle lettere a) e b) sono state portate a conoscenza, anche per quanto riguarda il loro contenuto, di coloro ai quali i dati sono stati comunicati o diffusi, eccettuato il caso in cui tale adempimento si riveli impossibile o comporti un impiego di mezzi manifestamente sproporzionato rispetto al diritto tutelato;<\/em><\/li>\n<\/ol>\n<\/li>\n<\/ol>\n<ul>\n<li>Pu\u00f2 opporsi, in tutto o in parte:<\/li>\n<\/ul>\n<ol>\n<li style=\"list-style-type: none;\">\n<ol>\n<li><em>per motivi legittimi, al trattamento dei dati personali che La riguardano, ancorch\u00e9 pertinenti allo scopo della raccolta;<\/em><\/li>\n<li><em>al trattamento di dati personali che La riguardano a fini di invio di materiale pubblicitario o promozionale o per il compimento di ricerche di mercato o di comunicazione commerciale, mediante l\u2019uso di sistemi automatizzati di chiamata senza l\u2019intervento di un operatore, mediante e-mail e messaggistica istantanea, mediante telefono o posta cartacea; resta salva la possibilit\u00e0 di esercitare il diritto di opposizione anche solo in parte; pertanto, pu\u00f2 decidere di ricevere solo comunicazioni mediante modalit\u00e0 tradizionali oppure solo comunicazioni automatizzate oppure nessuna delle due tipologie di comunicazione;<\/em><\/li>\n<\/ol>\n<\/li>\n<\/ol>\n<p>Ove applicabili, Lei ha altres\u00ec il diritto di rettifica, il diritto all\u2019oblio, il diritto di limitazione di trattamento, il diritto alla portabilit\u00e0 dei dati, nonch\u00e9 il diritto di reclamo all\u2019Autorit\u00e0 Garante.<\/p>\n<p>Potr\u00e0 in qualsiasi momento esercitare i Suoi diritti inviando:<\/p>\n<ul>\n<li>una raccomandata a.r. a: Clinica Veterinaria Euganea, via Tiziano 6, 35043 Monselice (PD);<\/li>\n<li>una e-mail all\u2019indirizzo: <a href=\"mailto:veterinariaeuganea@virgilio.it\">veterinariaeuganea@virgilio.it<\/a><\/li>\n<\/ul>\n<p>Il testo del Regolamento Generale per la Protezione dei Dati (GDPR) n. 679\/2016 \u00e8 consultabile <a href=\"http:\/\/www.garanteprivacy.it\/regolamentoue\">qui<\/a>.<\/p>\n","protected":false},"excerpt":{"rendered":"<p>Il presente documento rappresenta l\u2019informativa di primo livello, ai sensi del Regolamento generale per la protezione dei Dati (GDPR) 679\/2016. Nel presente documento troverete informazioni su chi siamo, che dati raccogliamo, con chi li condividiamo e quali sono le finalit\u00e0 di utilizzo dei dati raccolti. Chi \u00e9 il titolare dei Dati Raccolti ? Il titolare [&hellip;]<\/p>\n","protected":false},"author":1,"featured_media":0,"parent":0,"menu_order":0,"comment_status":"closed","ping_status":"closed","template":"page-full-width.php","meta":{"footnotes":""},"_links":{"self":[{"href":"http:\/\/lnx.clinicaveterinariaeuganea.it\/index.php?rest_route=\/wp\/v2\/pages\/38937"}],"collection":[{"href":"http:\/\/lnx.clinicaveterinariaeuganea.it\/index.php?rest_route=\/wp\/v2\/pages"}],"about":[{"href":"http:\/\/lnx.clinicaveterinariaeuganea.it\/index.php?rest_route=\/wp\/v2\/types\/page"}],"author":[{"embeddable":true,"href":"http:\/\/lnx.clinicaveterinariaeuganea.it\/index.php?rest_route=\/wp\/v2\/users\/1"}],"replies":[{"embeddable":true,"href":"http:\/\/lnx.clinicaveterinariaeuganea.it\/index.php?rest_route=%2Fwp%2Fv2%2Fcomments&post=38937"}],"version-history":[{"count":3,"href":"http:\/\/lnx.clinicaveterinariaeuganea.it\/index.php?rest_route=\/wp\/v2\/pages\/38937\/revisions"}],"predecessor-version":[{"id":39053,"href":"http:\/\/lnx.clinicaveterinariaeuganea.it\/index.php?rest_route=\/wp\/v2\/pages\/38937\/revisions\/39053"}],"wp:attachment":[{"href":"http:\/\/lnx.clinicaveterinariaeuganea.it\/index.php?rest_route=%2Fwp%2Fv2%2Fmedia&parent=38937"}],"curies":[{"name":"wp","href":"https:\/\/api.w.org\/{rel}","templated":true}]}}

<p>Il presente documento rappresenta l’informativa di primo livello, ai sensi del Regolamento generale per la protezione dei Dati (GDPR) 679/2016. Nel presente documento troverete informazioni su chi siamo, che dati raccogliamo, con chi li condividiamo e quali sono le finalità di utilizzo dei dati raccolti.</p>
<p><b>Chi é il titolare dei Dati Raccolti ?</b></p>
<p>Il titolare dei dati raccolti é il Dott. Marco Bedin, in qualità di Direttore Sanitario della Clinica Veterinaria Euganea con sede in via Tiziano 6, 35043 Monselice (PD). </p>
<p>I suoi recapiti sono: </p>
<p>E-mail: veterinariaeuganea@virgilio.it </p>
<p>Tel. 0429 789809.</p>
<p><b>Quali dati personali sono Oggetto di Trattamento ?</b></p>
<p>I suoi “Dati Personali” trattati dal titolare, sono i dati identificativi da lei comunicati al momento del contatto via e-mail, tramite sito web o pagina FB e al momento del conferimento dell’incarico professionale e per tutta la sua durata (nome, cognome, indirizzo, n. Telefonico, e-mail, ragione sociale, riferimenti bancari e di pagamento).</p>
<p>Nello svolgimento del nostro incarico professionale il titolare non verrà in alcun modo e per nessun motivo a conoscenza di quelli che la normativa individua come “particolari categorie di dati” ovvero sul suo stato di salute, sulle sue convinzioni politiche e religiose, sulle sue abitudini sessuali e sui suoi eventuali precedenti giudiziari. In ogni caso, anche se non trattiamo quelli che sono “particolari categorie di dati”, il titolare assicura l’assunzione di misure idonee a garantire la sicurezza e riservatezza dei suoi dati.</p>
<p><b>A chi possiamo comunicare i suoi Dati Personali ?</b></p>
<p>I suoi dati personali sono accessibili ai soci e ai collaboratori del titolare, nel rispetto delle norme sul trattamento dei dati personali.</p>
<p>Il titolare del trattamento, può comunicare i suoi dati a terze parti, senza il suo consenso preventivo, solo nel caso in cui questo sia obbligatorio per legge. Questi soggetti tratteranno suoi dati in qualità di autonomi titolari del trattamento. In tutti gli altri casi i suoi dati personali non possono essere comunicati dal titolare a terze parti, senza il suo preventivo ed esplicito consenso.</p>
<p><b>Quali sono le finalità del trattamento dei suoi Dati Personali ?</b></p>
<p>I suoi dati personali sono trattati dal titolare senza il suo esplicito consenso nei casi di:</p>
<ul>
<li>Svolgere gli incarichi che lei conferisce al titolare del trattamento;</li>
<li>Adempire agli obblighi precontrattuali, contrattuali e fiscali derivanti dai rapporti con lei in essere;</li>
<li>Adempire agli obblighi previsti dalla legge, da un regolamento, dalla normativa europea o da un ordine dell’autorità (es. in materia di antiriciclaggio);</li>
<li>Esercitare i diritti del titolare come il diritto di difesa in giudizio;</li>
<li>In caso di finalità ulteriori il titolare ha l’obbligo di chiedere il suo preventivo consenso.</li>
</ul>
<p><b>Quanto tempo conserverò i suoi Dati Personali ?</b></p>
<p>I suoi dati personali sono conservati per un periodo di tempo non superiore alle finalità per cui sono trattati, tenendo conto delle prescrizioni di legge relativa alla tutela dei diritti suoi e del titolare del trattamento.</p>
<p><b>Quali sono i suoi Diritti in merito al trattamento dei suoi Dati Personali ?</b></p>
<ul>
<li>Può ottenere la conferma dell’esistenza o meno di dati personali che La riguardano, anche se non ancora registrati, e la loro comunicazione in forma intelligibile;</li>
<li>Può ottenere l’indicazione:</li>
</ul>
<ol>
<li style="list-style-type: none;">
<ol>
<li><em>dell’origine dei dati personali;</em></li>
<li><em>delle modalità del trattamento e delle sue finalità;</em></li>
<li><em>della logica applicata in caso di trattamento effettuato con l’ausilio di strumenti elettronici;</em></li>
<li><em>degli estremi identificativi del titolare, dei responsabili e del rappresentante designato ai sensi de GDPR;</em></li>
<li><em>dei soggetti o delle categorie di soggetti ai quali i dati personali possono essere comunicati o che possono venirne a conoscenza in qualità di rappresentante designato nel territorio dello Stato, di responsabili o incaricati;</em></li>
</ol>
</li>
</ol>
<ul>
<li>Può ottenere:</li>
</ul>
<ol>
<li style="list-style-type: none;">
<ol>
<li><em>l’aggiornamento, la rettificazione oppure, quando vi ha interesse, l’integrazione dei Suoi dati;</em></li>
<li><em>la cancellazione, la trasformazione in forma anonima o il blocco dei dati trattati in violazione di legge, compresi quelli di cui non è necessaria la conservazione in relazione agli scopi per i quali i dati sono stati raccolti o successivamente trattati;</em></li>
<li><em>l’attestazione che le operazioni di cui alle lettere a) e b) sono state portate a conoscenza, anche per quanto riguarda il loro contenuto, di coloro ai quali i dati sono stati comunicati o diffusi, eccettuato il caso in cui tale adempimento si riveli impossibile o comporti un impiego di mezzi manifestamente sproporzionato rispetto al diritto tutelato;</em></li>
</ol>
</li>
</ol>
<ul>
<li>Può opporsi, in tutto o in parte:</li>
</ul>
<ol>
<li style="list-style-type: none;">
<ol>
<li><em>per motivi legittimi, al trattamento dei dati personali che La riguardano, ancorché pertinenti allo scopo della raccolta;</em></li>
<li><em>al trattamento di dati personali che La riguardano a fini di invio di materiale pubblicitario o promozionale o per il compimento di ricerche di mercato o di comunicazione commerciale, mediante l’uso di sistemi automatizzati di chiamata senza l’intervento di un operatore, mediante e-mail e messaggistica istantanea, mediante telefono o posta cartacea; resta salva la possibilità di esercitare il diritto di opposizione anche solo in parte; pertanto, può decidere di ricevere solo comunicazioni mediante modalità tradizionali oppure solo comunicazioni automatizzate oppure nessuna delle due tipologie di comunicazione;</em></li>
</ol>
</li>
</ol>
<p>Ove applicabili, Lei ha altresì il diritto di rettifica, il diritto all’oblio, il diritto di limitazione di trattamento, il diritto alla portabilità dei dati, nonché il diritto di reclamo all’Autorità Garante.</p>
<p>Potrà in qualsiasi momento esercitare i Suoi diritti inviando:</p>
<ul>
<li>una raccomandata a.r. a: Clinica Veterinaria Euganea, via Tiziano 6, 35043 Monselice (PD);</li>
<li>una e-mail all’indirizzo: <a href="mailto:veterinariaeuganea@virgilio.it">veterinariaeuganea@virgilio.it</a></li>
</ul>
<p>Il testo del Regolamento Generale per la Protezione dei Dati (GDPR) n. 679/2016 è consultabile <a href="http://www.garanteprivacy.it/regolamentoue">qui</a>.</p>

<p>Il presente documento rappresenta l’informativa di primo livello, ai sensi del Regolamento generale per la protezione dei Dati (GDPR) 679/2016. Nel presente documento troverete informazioni su chi siamo, che dati raccogliamo, con chi li condividiamo e quali sono le finalità di utilizzo dei dati raccolti. Chi é il titolare dei Dati Raccolti ? Il titolare [&hellip;]</p>
